the remainder when 50 is divided by h/(-9) - 106/(-6).
16
Let y(v) = v + 34. What is the remainder when y(-7) is divided by 7?
6
Let b(m) = -7*m**2 + 2*m - 1. Let i be b(-2). Let p = i + 46. What is the remainder when p is divided by 8?
5
Suppose -3*v = -0*x - x + 68, -2 = -2*v. Calculate the remainder when x is divided by 12.
11
Suppose -154 - 54 = -2*m. Calculate the remainder when m is divided by 35.
34
Let x(b) = b**2 - 2*b - 5. Let q be x(-8). Suppose 15 = -5*f + q. Calculate the remainder when 34 is divided by f.
10
Suppose -3*b + 20 = 2*b. Suppose b*z = -z + 70. Calculate the remainder when (-6)/15 - (-264)/10 is divided by z.
12
Let h = 73 - 40. Suppose -2*c + h = c. What is the remainder when 21 is divided by c?
10
Calculate the remainder when 51 is divided by (-15)/(2 - 1 - 2).
6
Let l(f) = f**2 + 10*f - 2. Calculate the remainder when l(8) is divided by 16.
14
Let v(t) = -t**3 + 5*t**2 - 2*t - 2. Suppose 0 = -n - 0*n + 12. Suppose f = 5*f - n. What is the remainder when v(f) is divided by 4?
2
What is the remainder when (12 - 7) + 0 + 17 is divided by 3?
1
Let c be 11/(-22)*(-50 + 0). Let k = 38 - c. What is the remainder when k is divided by 5?
3
Let k(l) = -20*l + 11. What is the remainder when k(-4) is divided by 31?
29
Let y = 21 - 13. Let m(b) = b**2 + 15*b + 15. What is the remainder when m(-15) is divided by y?
7
Let m = 3 - -2. Suppose -3*w = -m*w + 12. What is the remainder when 2 is divided by 2*(9/w + -1)?
0
Let x = -14 + 27. Let u = 16 - 11. Suppose u*b = 5*d + 190, -b - d = -0*d - 36. What is the remainder when b is divided by x?
11
Suppose 25 = -3*d - 2*d, -d + 16 = 3*w. What is the remainder when w is divided by 7?
0
Suppose j = -2*x + 2, -4*j + 4 - 1 = 3*x. What is the remainder when 47 is divided by (6 + -22)/(x - 2)?
15
Let g(u) = -u**3 - 7*u**2 - 6*u + 3. Let h be 2 - 1*(2 - 2). Calculate the remainder when -2*1 - (-12)/h is divided by g(-6).
1
Suppose 0 = 4*h - 6*h - 32. Let d = h - -20. What is the remainder when 14 is divided by d?
2
Suppose -11*h + 1152 + 157 = 0. Calculate the remainder when h is divided by 20.
19
Suppose -2*s - 24 = -4*j + 10, -4*s - 32 = -2*j. Let i = 8 + j. Calculate the remainder when i is divided by 8.
6
Let j(c) = -c - 3. Let y be j(-3). Suppose 4*v - 3*v - 4 = y. Let x = -8 - -11. What is the remainder when v is divided by x?
1
Suppose 4*g - 42 + 154 = 4*h, 3*g + 60 = 2*h. What is the remainder when 70 is divided by h?
22
Let y = -6 + 12. Suppose y = 5*l - 2*l. Suppose -4*k + 9*k + 3*w - 266 = 0, 0 = -4*k + l*w + 204. Calculate the remainder when k is divided by 18.
16
Suppose 0 = 4*v - 3*v - 15. Suppose 2*j - 16 = -0*j. What is the remainder when v is divided by j?
7
Let c = -264 + 372. What is the remainder when c is divided by 37?
34
Let x = 4 - -12. What is the remainder when x is divided by 10?
6
Let a(c) = -c**3 - 4*c**2 - 3*c - 4. Let b(x) = 7*x**3 - 3 + 15*x**3 + x**2 + 2. What is the remainder when b(1) is divided by a(-4)?
6
Calculate the remainder when 2/2*(16 - -1) is divided by 5.
2
Let h = -10 - -32. What is the remainder when h is divided by 164/14 + (-4)/(-14)?
10
Let m(v) = -25*v**3 + v**2 + v. Let t be m(-1). Suppose g + 3*c + 13 = -0*c, -3*g + 5*c - t = 0. Let x = g + 17. What is the remainder when x is divided by 4?
3
Let x be (-1)/(10/6 - 2). Calculate the remainder when 2/(x/(69/2)) is divided by 12.
11
Suppose -13*x + 34 = -5. Calculate the remainder when 8 is divided by x.
2
Let c(q) = 9*q + 2. Calculate the remainder when ((-164)/(-16))/(2/8) is divided by c(1).
8
Suppose 0 = f - 2*f + 2. Suppose -f*l + 15 = 3*l. Let o = l - -11. Calculate the remainder when o is divided by 5.
4
Let d(h) = h**2 - 4*h - 5. Let s(o) = -o**3 + 7*o**2 - 4*o + 1. Let c = 2 - -4. What is the remainder when s(c) is divided by d(6)?
6
Let v = -6 + 10. Suppose -3*c + 302 = -2*k, 0 = v*c - 8*c - 2*k + 426. Suppose 0 = 5*r - c + 24. Calculate the remainder when r is divided by 6.
4
Suppose -5 = 5*r + 10, 4*s + 3*r - 163 = 0. Suppose -5*j + 5*h + 30 = 0, 0 = 2*j + 4*h - 4 - 8. What is the remainder when s is divided by (-43)/(-3) + 4/j?
13
Let x(m) = 4*m - 11 - 3*m + 29 + m**2. What is the remainder when x(0) is divided by 0 - ((-1)/1 - 9)?
8
Let f be 0 - (-2 - (-1 - 2)). Let g = 7 - 3. Calculate the remainder when g is divided by f*1 + (-2 - -6).
1
Let w(g) = -g + 11. Calculate the remainder when w(-15) is divided by 14.
12
Let n = -44 + 115. Calculate the remainder when n is divided by 18.
17
Let v(y) be the third derivative of y**6/40 - y**5/12 + y**4/6 - y**3/3 + 2*y**2. Let i be v(3). Calculate the remainder when 44 is divided by -1*1/(-2)*i.
21
Let t be -2 + 2/(1 - 0). Suppose 0*h - 3*h + 12 = t. What is the remainder when 23 is divided by (-9)/h*(-48)/9?
11
Suppose -3*r + i + 4*i = -140, 5*i = -20. Let t = r - 18. Let p(u) = -9*u - 1. What is the remainder when t is divided by p(-1)?
6
Suppose t = y - 3 + 2, 0 = y + t - 1. Calculate the remainder when y is divided by 1.
0
Let k be 3/(-2 + (-62)/(-28)). Calculate the remainder when (-3 + 0)/((-2)/k) is divided by 6.
3
Calculate the remainder when (-165)/(-2) - (-3)/(-6) is divided by 14.
12
Let m(u) = 2*u**2 + 24*u + 18. Calculate the remainder when 33 is divided by m(-12).
15
Let t = -2 + 5. Suppose -6*v + v = -5*x - 90, 5*v + t*x = 66. Let f = 45 - 37. What is the remainder when v is divided by f?
7
Let a = 10 - 4. Let m = 10 - a. Suppose -m*o = -36 - 12. Calculate the remainder when 35 is divided by o.
11
Suppose 5*w = 11 + 4. Suppose 6 + 72 = w*q + 3*z, 3*q + 5*z - 68 = 0. Calculate the remainder when q is divided by 8.
7
Suppose 3*o = p + 71, 4*o - 83 - 33 = -4*p. What is the remainder when o is divided by 17?
8
Let o = 71 + -41. Let g = 50 - o. Suppose -39 - 78 = -3*l. Calculate the remainder when l is divided by g.
19
Suppose -1 + 16 = 5*t. Suppose -l - 2*l = 0. Let x = l - -5. Calculate the remainder when x is divided by t.
2
Let p be 3/9 + (-1)/3. Let b = 13 + -3. Calculate the remainder when 2/(-1 - p)*-14 is divided by b.
8
What is the remainder when (1 + 34/6)/((-24)/(-180)) is divided by 19?
12
Let i(a) = a**3 + 3*a - 1. Let z = 16 + 9. What is the remainder when z is divided by i(2)?
12
Suppose -4*s - 3*o = -423, 4*s - 2*o - 379 = 39. What is the remainder when s is divided by 27?
24
Suppose -4*r + 30 = 2*l, -4 = -r - 5*l + l. Suppose r*d - i = 3*d + 155, 145 = 5*d + i. Calculate the remainder when d is divided by 11.
8
Let o(i) = -i**2 - 6*i - 4. Let k be o(-5). What is the remainder when 59 is divided by (-2 + k)/((-2)/40)?
19
Let d = -65 - -70. Let i(g) = -g**3 + 8*g**2 - 5*g + 4. What is the remainder when i(7) is divided by d?
3
Let b be (-8)/32*(4 + 0). What is the remainder when 4 is divided by 2 + -2 - (b - 1)?
0
Let k = 50 - 33. Suppose -5*a - 5 = 0, 67 = -b + 3*b - 5*a. What is the remainder when b is divided by k?
14
Let h(t) = t**3 + 9*t**2 - 5*t + 6. What is the remainder when h(-9) is divided by 27?
24
Let b(n) = -n - 5. What is the remainder when b(-10) is divided by 3?
2
Suppose 0 = -8*l + 2*l + 24. Let i = 3 + 9. What is the remainder when i is divided by l?
0
Let n(b) = -3*b - 1. Let c = 14 + -10. Suppose -c*q - 10 = -30. Calculate the remainder when q is divided by n(-1).
1
Suppose 5*f = 3*d - 5*d + 259, 2*f - 5*d - 92 = 0. Calculate the remainder when 200 is divided by f.
47
Calculate the remainder when 58 is divided by 1/1*19 + 12/12.
18
Let n(i) = -2*i**2 + 10 - 2*i + 4*i**2 - i**3 + 3*i**2 - 4. What is the remainder when (-52)/(-6)*3/1 is divided by n(4)?
12
Let p(s) = s + 8. What is the remainder when 70 is divided by p(10)?
16
Suppose 3*d + 2 - 8 = 0. Suppose 208 = 4*f - 4*i + d*i, 2*f = -i + 96. Calculate the remainder when f is divided by 13.
11
Suppose -5*o - 4*v + 156 = -v, 2*o - 66 = -3*v. Let u = o + -18. Calculate the remainder when 33 is divided by u.
9
Suppose 0 = -c - 2*c + 12. Suppose -6 = 2*w, -2*w + 4 = -c*d - 2. Let i = 2 - d. What is the remainder when i is divided by 2?
1
Suppose 0 = -3*d + 13 + 44. Calculate the remainder when d is divided by 7.
5
What is the remainder when -9*4/8*-10*1 is divided by 12?
9
Suppose 3 = -3*x, 8*h - 4*h + 4*x = 12. Calculate the remainder when 9*2*4/h is divided by 7.
4
Let g = -66 + 107. What is the remainder when 79 is divided by g?
38
Let w